{"id":6541,"date":"2026-02-24T08:51:14","date_gmt":"2026-02-24T08:51:14","guid":{"rendered":"https:\/\/egeatabey.com\/?page_id=6541"},"modified":"2026-02-24T08:53:15","modified_gmt":"2026-02-24T08:53:15","slug":"young-journalists-across-europe-2025-2026-etwinning-project","status":"publish","type":"page","link":"https:\/\/egeatabey.com\/index.php\/young-journalists-across-europe-2025-2026-etwinning-project\/","title":{"rendered":"Young Journalists Across Europe (2025\u20132026) \u2013 eTwinning Project"},"content":{"rendered":"\t\t<div data-elementor-type=\"wp-page\" data-elementor-id=\"6541\" class=\"elementor elementor-6541\" data-elementor-post-type=\"page\">\n\t\t\t\t<div class=\"elementor-element elementor-element-2746c9d e-flex e-con-boxed e-con e-parent\" data-id=\"2746c9d\" data-element_type=\"container\" data-settings=\"{&quot;ekit_has_onepagescroll_dot&quot;:&quot;yes&quot;}\">\n\t\t\t\t\t<div class=\"e-con-inner\">\n\t\t\t\t<div class=\"elementor-element elementor-element-cba4bb0 elementor-widget-divider--view-line elementor-widget elementor-widget-divider\" data-id=\"cba4bb0\" data-element_type=\"widget\" data-settings=\"{&quot;ekit_we_effect_on&quot;:&quot;none&quot;}\" data-widget_type=\"divider.default\">\n\t\t\t\t<div class=\"elementor-widget-container\">\n\t\t\t\t\t<div class=\"elementor-divider\">\n\t\t\t<span class=\"elementor-divider-separator\">\n\t\t\t\t\t\t<\/span>\n\t\t<\/div>\n\t\t\t\t<\/div>\n\t\t\t\t<\/div>\n\t\t\t\t<div class=\"elementor-element elementor-element-f86864c elementor-widget elementor-widget-heading\" data-id=\"f86864c\" data-element_type=\"widget\" data-settings=\"{&quot;ekit_we_effect_on&quot;:&quot;none&quot;}\" data-widget_type=\"heading.default\">\n\t\t\t\t<div class=\"elementor-widget-container\">\n\t\t\t<h2 class=\"elementor-heading-title elementor-size-default\">Etwinning\n<\/h2>\t\t<\/div>\n\t\t\t\t<\/div>\n\t\t\t\t\t<\/div>\n\t\t\t\t<\/div>\n\t\t<div class=\"elementor-element elementor-element-b43a714 e-flex e-con-boxed e-con e-parent\" data-id=\"b43a714\" data-element_type=\"container\" data-settings=\"{&quot;ekit_has_onepagescroll_dot&quot;:&quot;yes&quot;}\">\n\t\t\t\t\t<div class=\"e-con-inner\">\n\t\t\t\t<div class=\"elementor-element elementor-element-f0e12aa elementor-widget-divider--view-line elementor-widget elementor-widget-divider\" data-id=\"f0e12aa\" data-element_type=\"widget\" data-settings=\"{&quot;ekit_we_effect_on&quot;:&quot;none&quot;}\" data-widget_type=\"divider.default\">\n\t\t\t\t<div class=\"elementor-widget-container\">\n\t\t\t\t\t<div class=\"elementor-divider\">\n\t\t\t<span class=\"elementor-divider-separator\">\n\t\t\t\t\t\t<\/span>\n\t\t<\/div>\n\t\t\t\t<\/div>\n\t\t\t\t<\/div>\n\t\t\t\t<div class=\"elementor-element elementor-element-cffdaf1 elementor-widget elementor-widget-heading\" data-id=\"cffdaf1\" data-element_type=\"widget\" data-settings=\"{&quot;ekit_we_effect_on&quot;:&quot;none&quot;}\" data-widget_type=\"heading.default\">\n\t\t\t\t<div class=\"elementor-widget-container\">\n\t\t\t<h2 class=\"elementor-heading-title elementor-size-default\">Young Journalists Across Europe (2025\u20132026) \u2013 eTwinning Project<\/h2>\t\t<\/div>\n\t\t\t\t<\/div>\n\t\t\t\t<div class=\"elementor-element elementor-element-a230513 elementor-widget elementor-widget-text-editor\" data-id=\"a230513\" data-element_type=\"widget\" data-settings=\"{&quot;ekit_we_effect_on&quot;:&quot;none&quot;}\" data-widget_type=\"text-editor.default\">\n\t\t\t\t<div class=\"elementor-widget-container\">\n\t\t\t\t\t\t\t<p>The Young Journalists Across Europe eTwinning project, led by our English teacher \u00d6zlem Karag\u00f6z, aims to improve our students\u2019 English communication skills while helping them gain basic knowledge and experience in journalism.<\/p><p>Within the scope of the project, students research current topics, write articles in English, and collaborate with their peers from different countries. Conducted in partnership with schools from Turkey, Greece, and Slovenia, the project provides students with valuable opportunities for cultural exchange, teamwork, and international communication.<\/p><p>The project supports the development of critical thinking, creativity, media literacy, and responsible digital use, contributing significantly to our students\u2019 academic and social growth.<\/p>\t\t\t\t\t\t<\/div>\n\t\t\t\t<\/div>\n\t\t\t\t\t<\/div>\n\t\t\t\t<\/div>\n\t\t<div class=\"elementor-element elementor-element-cb4ff28 e-flex e-con-boxed e-con e-parent\" data-id=\"cb4ff28\" data-element_type=\"container\" data-settings=\"{&quot;ekit_has_onepagescroll_dot&quot;:&quot;yes&quot;}\">\n\t\t\t\t\t<div class=\"e-con-inner\">\n\t\t\t\t<div class=\"elementor-element elementor-element-8fa7d00 elementor-widget-divider--view-line elementor-widget elementor-widget-divider\" data-id=\"8fa7d00\" data-element_type=\"widget\" data-settings=\"{&quot;ekit_we_effect_on&quot;:&quot;none&quot;}\" data-widget_type=\"divider.default\">\n\t\t\t\t<div class=\"elementor-widget-container\">\n\t\t\t\t\t<div class=\"elementor-divider\">\n\t\t\t<span class=\"elementor-divider-separator\">\n\t\t\t\t\t\t<\/span>\n\t\t<\/div>\n\t\t\t\t<\/div>\n\t\t\t\t<\/div>\n\t\t\t\t<div class=\"elementor-element elementor-element-9c03484 elementor-widget elementor-widget-heading\" data-id=\"9c03484\" data-element_type=\"widget\" data-settings=\"{&quot;ekit_we_effect_on&quot;:&quot;none&quot;}\" data-widget_type=\"heading.default\">\n\t\t\t\t<div class=\"elementor-widget-container\">\n\t\t\t<h2 class=\"elementor-heading-title elementor-size-default\">Young Journalists Across Europe (2025\u20132026) \u2013 eTwinning Projesi\n<\/h2>\t\t<\/div>\n\t\t\t\t<\/div>\n\t\t\t\t<div class=\"elementor-element elementor-element-af7eadf elementor-widget elementor-widget-text-editor\" data-id=\"af7eadf\" data-element_type=\"widget\" data-settings=\"{&quot;ekit_we_effect_on&quot;:&quot;none&quot;}\" data-widget_type=\"text-editor.default\">\n\t\t\t\t<div class=\"elementor-widget-container\">\n\t\t\t\t\t\t\t<p>Okulumuz \u0130ngilizce \u00f6\u011fretmeni \u00d6zlem Karag\u00f6z taraf\u0131ndan y\u00fcr\u00fct\u00fclen Young Journalists Across Europe eTwinning projesi, \u00f6\u011frencilerimizin \u0130ngilizce ileti\u015fim becerilerini geli\u015ftirirken gazetecilik alan\u0131nda temel bilgi ve deneyim kazanmalar\u0131n\u0131 ama\u00e7lamaktad\u0131r.<\/p><p>Proje kapsam\u0131nda \u00f6\u011frenciler g\u00fcncel konular\u0131 ara\u015ft\u0131rmakta, \u0130ngilizce makaleler yazmakta ve farkl\u0131 \u00fclkelerden akranlar\u0131yla i\u015f birli\u011fi yapmaktad\u0131r. T\u00fcrkiye, Yunanistan ve Slovenya ortakl\u0131\u011f\u0131nda y\u00fcr\u00fct\u00fclen bu \u00e7al\u0131\u015fma sayesinde \u00f6\u011frencilerimiz k\u00fclt\u00fcrel etkile\u015fim, tak\u0131m \u00e7al\u0131\u015fmas\u0131 ve uluslararas\u0131 ileti\u015fim deneyimi kazanmaktad\u0131r.<\/p><p>Proje; ele\u015ftirel d\u00fc\u015f\u00fcnme, yarat\u0131c\u0131l\u0131k, medya okuryazarl\u0131\u011f\u0131 ve sorumlu dijital kullan\u0131m becerilerini destekleyerek \u00f6\u011frencilerimizin akademik ve sosyal geli\u015fimlerine \u00f6nemli katk\u0131 sa\u011flamaktad\u0131r.<\/p>\t\t\t\t\t\t<\/div>\n\t\t\t\t<\/div>\n\t\t\t\t<div class=\"elementor-element elementor-element-750c147 elementor-widget elementor-widget-image\" data-id=\"750c147\" data-element_type=\"widget\" data-settings=\"{&quot;ekit_we_effect_on&quot;:&quot;none&quot;}\" data-widget_type=\"image.default\">\n\t\t\t\t<div class=\"elementor-widget-container\">\n\t\t\t\t\t\t\t\t\t\t\t\t\t<img fetchpriority=\"high\" decoding=\"async\" width=\"660\" height=\"467\" src=\"https:\/\/egeatabey.com\/wp-content\/uploads\/2026\/02\/eeee-1024x724.jpeg\" class=\"attachment-large size-large wp-image-6554\" alt=\"\" srcset=\"https:\/\/egeatabey.com\/wp-content\/uploads\/2026\/02\/eeee-1024x724.jpeg 1024w, https:\/\/egeatabey.com\/wp-content\/uploads\/2026\/02\/eeee-300x212.jpeg 300w, https:\/\/egeatabey.com\/wp-content\/uploads\/2026\/02\/eeee-768x543.jpeg 768w, https:\/\/egeatabey.com\/wp-content\/uploads\/2026\/02\/eeee-1536x1086.jpeg 1536w, https:\/\/egeatabey.com\/wp-content\/uploads\/2026\/02\/eeee-600x424.jpeg 600w, https:\/\/egeatabey.com\/wp-content\/uploads\/2026\/02\/eeee.jpeg 1600w\" sizes=\"(max-width: 660px) 100vw, 660px\" \/>\t\t\t\t\t\t\t\t\t\t\t\t\t<\/div>\n\t\t\t\t<\/div>\n\t\t\t\t\t<\/div>\n\t\t\t\t<\/div>\n\t\t\t\t<\/div>\n\t\t","protected":false},"excerpt":{"rendered":"<p>Etwinning Young Journalists Across Europe (2025\u20132026) \u2013 eTwinning Project The Young Journalists Across Europe eTwinning project, led by our English &hellip; <br \/><a href=\"https:\/\/egeatabey.com\/index.php\/young-journalists-across-europe-2025-2026-etwinning-project\/\" class=\"more-link\">Continue reading <span class=\"screen-reader-text\">Young Journalists Across Europe (2025\u20132026) \u2013 eTwinning Project<\/span><\/a><\/p>\n","protected":false},"author":1,"featured_media":0,"parent":0,"menu_order":0,"comment_status":"closed","ping_status":"closed","template":"elementor_header_footer","meta":{"footnotes":""},"class_list":["post-6541","page","type-page","status-publish","hentry"],"_links":{"self":[{"href":"https:\/\/egeatabey.com\/index.php\/wp-json\/wp\/v2\/pages\/6541","targetHints":{"allow":["GET"]}}],"collection":[{"href":"https:\/\/egeatabey.com\/index.php\/wp-json\/wp\/v2\/pages"}],"about":[{"href":"https:\/\/egeatabey.com\/index.php\/wp-json\/wp\/v2\/types\/page"}],"author":[{"embeddable":true,"href":"https:\/\/egeatabey.com\/index.php\/wp-json\/wp\/v2\/users\/1"}],"replies":[{"embeddable":true,"href":"https:\/\/egeatabey.com\/index.php\/wp-json\/wp\/v2\/comments?post=6541"}],"version-history":[{"count":4,"href":"https:\/\/egeatabey.com\/index.php\/wp-json\/wp\/v2\/pages\/6541\/revisions"}],"predecessor-version":[{"id":6557,"href":"https:\/\/egeatabey.com\/index.php\/wp-json\/wp\/v2\/pages\/6541\/revisions\/6557"}],"wp:attachment":[{"href":"https:\/\/egeatabey.com\/index.php\/wp-json\/wp\/v2\/media?parent=6541"}],"curies":[{"name":"wp","href":"https:\/\/api.w.org\/{rel}","templated":true}]}}