{"id":6651,"date":"2026-03-09T07:45:23","date_gmt":"2026-03-09T07:45:23","guid":{"rendered":"https:\/\/egeatabey.com\/?page_id=6651"},"modified":"2026-03-09T07:47:40","modified_gmt":"2026-03-09T07:47:40","slug":"kapsayici-egitim-ve-ozel-egitim-destek-politikasi","status":"publish","type":"page","link":"https:\/\/egeatabey.com\/index.php\/kapsayici-egitim-ve-ozel-egitim-destek-politikasi\/","title":{"rendered":"KAPSAYICI E\u011e\u0130T\u0130M VE \u00d6ZEL E\u011e\u0130T\u0130M DESTEK POL\u0130T\u0130KASI"},"content":{"rendered":"\t\t<div data-elementor-type=\"wp-page\" data-elementor-id=\"6651\" class=\"elementor elementor-6651\" data-elementor-post-type=\"page\">\n\t\t\t\t<div class=\"elementor-element elementor-element-78c7766 e-flex e-con-boxed e-con e-parent\" data-id=\"78c7766\" data-element_type=\"container\" data-settings=\"{&quot;ekit_has_onepagescroll_dot&quot;:&quot;yes&quot;}\">\n\t\t\t\t\t<div class=\"e-con-inner\">\n\t\t\t\t<div class=\"elementor-element elementor-element-0e006e0 elementor-widget elementor-widget-heading\" data-id=\"0e006e0\" data-element_type=\"widget\" data-settings=\"{&quot;ekit_we_effect_on&quot;:&quot;none&quot;}\" data-widget_type=\"heading.default\">\n\t\t\t\t<div class=\"elementor-widget-container\">\n\t\t\t<h2 class=\"elementor-heading-title elementor-size-default\">KAPSAYICI E\u011e\u0130T\u0130M VE \u00d6ZEL E\u011e\u0130T\u0130M DESTEK POL\u0130T\u0130KASI<\/br><\/br>\nINCLUSIVE EDUCATION AND SPECIAL NEEDS SUPPORT POLICY<\/h2>\t\t<\/div>\n\t\t\t\t<\/div>\n\t\t\t\t<div class=\"elementor-element elementor-element-01a3bc7 elementor-widget elementor-widget-text-editor\" data-id=\"01a3bc7\" data-element_type=\"widget\" data-settings=\"{&quot;ekit_we_effect_on&quot;:&quot;none&quot;}\" data-widget_type=\"text-editor.default\">\n\t\t\t\t<div class=\"elementor-widget-container\">\n\t\t\t\t\t\t\t<p><span style=\"color: #000000;\">1. Ama\u00e7<\/span><br \/><span style=\"color: #000000;\">Okulumuz, t\u00fcm \u00f6\u011frencilerin e\u015fit e\u011fitim f\u0131rsatlar\u0131na sahip olmas\u0131 gerekti\u011fine inan\u0131r. Bu politika; \u00f6\u011frenme, dil, sosyal uyum veya \u00f6zel e\u011fitim ihtiyac\u0131 olan \u00f6\u011frencilerin e\u011fitim s\u00fcre\u00e7lerine aktif ve etkili bir \u015fekilde kat\u0131lmalar\u0131n\u0131 desteklemek amac\u0131yla haz\u0131rlanm\u0131\u015ft\u0131r.<\/span><br \/><span style=\"color: #000000;\">1. Purpose<\/span><br \/><span style=\"color: #000000;\">Our school believes that all students should have equal access to education. This policy aims to support students who experience difficulties in learning, language, or social adaptation, as well as students with special educational needs, to actively and effectively participate in the learning process.<\/span><\/p><p><span style=\"color: #000000;\">2. Kapsam<\/span><br \/><span style=\"color: #000000;\">Bu politika; \u00f6\u011frenme g\u00fc\u00e7l\u00fc\u011f\u00fc ya\u015fayan, dil geli\u015fiminde zorluk ya\u015fayan, sosyal uyum problemi olan veya \u00f6zel e\u011fitim deste\u011fine ihtiya\u00e7 duyan t\u00fcm \u00f6\u011frencileri kapsamaktad\u0131r.<\/span><br \/><span style=\"color: #000000;\">2. Scope<\/span><br \/><span style=\"color: #000000;\">This policy covers all students who experience learning difficulties, language development challenges, social adaptation problems, or require special educational support.<\/span><\/p><p><span style=\"color: #000000;\">3. Okulun Yakla\u015f\u0131m\u0131<\/span><br \/><span style=\"color: #000000;\">Okulumuz kapsay\u0131c\u0131 e\u011fitim anlay\u0131\u015f\u0131n\u0131 benimsemektedir. Bu do\u011frultuda;<\/span><br \/><span style=\"color: #000000;\">\u2022 \u00d6\u011frencilerin bireysel farkl\u0131l\u0131klar\u0131na sayg\u0131 duyulur.<\/span><br \/><span style=\"color: #000000;\">\u2022 Her \u00f6\u011frencinin \u00f6\u011frenme s\u00fcrecine aktif kat\u0131l\u0131m\u0131 te\u015fvik edilir.<\/span><br \/><span style=\"color: #000000;\">\u2022 \u00d6\u011frencilerin akademik, sosyal ve duygusal geli\u015fimleri desteklenir.<\/span><br \/><span style=\"color: #000000;\">\u2022 \u00d6\u011frenciler aras\u0131nda e\u015fitlik, sayg\u0131 ve empati k\u00fclt\u00fcr\u00fc geli\u015ftirilir.<\/span><br \/><span style=\"color: #000000;\">3. School Approach<\/span><br \/><span style=\"color: #000000;\">Our school adopts an inclusive education approach. In line with this;<\/span><br \/><span style=\"color: #000000;\">\u2022 Individual differences of students are respected.<\/span><br \/><span style=\"color: #000000;\">\u2022 Active participation of all students in the learning process is encouraged.<\/span><br \/><span style=\"color: #000000;\">\u2022 Students\u2019 academic, social, and emotional development is supported.<\/span><br \/><span style=\"color: #000000;\">\u2022 A culture of equality, respect, and empathy is promoted among students.<\/span><\/p><p><span style=\"color: #000000;\">4. Uygulamalar<\/span><br \/><span style=\"color: #000000;\">Okulumuzda \u00f6zel e\u011fitim ihtiyac\u0131 olan veya \u00f6\u011frenme ve sosyal alanlarda zorluk ya\u015fayan \u00f6\u011frenciler i\u00e7in a\u015fa\u011f\u0131daki uygulamalar yap\u0131lmaktad\u0131r:<\/span><br \/><span style=\"color: #000000;\">\u2022 Rehberlik ve psikolojik dan\u0131\u015fmanl\u0131k hizmetleri sa\u011flan\u0131r.<\/span><br \/><span style=\"color: #000000;\">\u2022 Gerekti\u011finde bireyselle\u015ftirilmi\u015f destek ve y\u00f6nlendirme yap\u0131l\u0131r.<\/span><br \/><span style=\"color: #000000;\">\u2022 \u00d6\u011fretmenler kapsay\u0131c\u0131 e\u011fitim konusunda bilgilendirilir ve desteklenir.<\/span><br \/><span style=\"color: #000000;\">\u2022 Velilerle d\u00fczenli ileti\u015fim kurularak \u00f6\u011frencilerin geli\u015fimi takip edilir.<\/span><br \/><span style=\"color: #000000;\">\u2022 Okul etkinliklerinde t\u00fcm \u00f6\u011frencilerin kat\u0131l\u0131m\u0131 te\u015fvik edilir.<\/span><br \/><span style=\"color: #000000;\">4. Implementation<\/span><br \/><span style=\"color: #000000;\">In our school, the following practices are implemented for students with special educational needs or those experiencing learning and social difficulties:<\/span><br \/><span style=\"color: #000000;\">\u2022 Guidance and psychological counseling services are provided.<\/span><br \/><span style=\"color: #000000;\">\u2022 Individual support and guidance are offered when necessary.<\/span><br \/><span style=\"color: #000000;\">\u2022 Teachers are informed and supported about inclusive education.<\/span><br \/><span style=\"color: #000000;\">\u2022 Regular communication is maintained with parents to monitor students&#8217; development.<\/span><br \/><span style=\"color: #000000;\">\u2022 Participation of all students in school activities is encouraged.<\/span><\/p><p><span style=\"color: #000000;\">5. Sonu\u00e7<\/span><br \/><span style=\"color: #000000;\">Okulumuz, kapsay\u0131c\u0131 ve destekleyici bir e\u011fitim ortam\u0131 olu\u015fturarak t\u00fcm \u00f6\u011frencilerin potansiyellerini geli\u015ftirmelerini hedeflemektedir.<\/span><br \/><span style=\"color: #000000;\">5. Conclusion<\/span><br \/><span style=\"color: #000000;\">Our school aims to create an inclusive and supportive learning environment where all students can develop their full potential.<\/span><\/p>\t\t\t\t\t\t<\/div>\n\t\t\t\t<\/div>\n\t\t\t\t\t<\/div>\n\t\t\t\t<\/div>\n\t\t\t\t<\/div>\n\t\t","protected":false},"excerpt":{"rendered":"<p>KAPSAYICI E\u011e\u0130T\u0130M VE \u00d6ZEL E\u011e\u0130T\u0130M DESTEK POL\u0130T\u0130KASI INCLUSIVE EDUCATION AND SPECIAL NEEDS SUPPORT POLICY 1. Ama\u00e7Okulumuz, t\u00fcm \u00f6\u011frencilerin e\u015fit e\u011fitim &hellip; <br \/><a href=\"https:\/\/egeatabey.com\/index.php\/kapsayici-egitim-ve-ozel-egitim-destek-politikasi\/\" class=\"more-link\">Continue reading <span class=\"screen-reader-text\">KAPSAYICI E\u011e\u0130T\u0130M VE \u00d6ZEL E\u011e\u0130T\u0130M DESTEK POL\u0130T\u0130KASI<\/span><\/a><\/p>\n","protected":false},"author":1,"featured_media":0,"parent":0,"menu_order":0,"comment_status":"closed","ping_status":"closed","template":"","meta":{"footnotes":""},"class_list":["post-6651","page","type-page","status-publish","hentry"],"_links":{"self":[{"href":"https:\/\/egeatabey.com\/index.php\/wp-json\/wp\/v2\/pages\/6651","targetHints":{"allow":["GET"]}}],"collection":[{"href":"https:\/\/egeatabey.com\/index.php\/wp-json\/wp\/v2\/pages"}],"about":[{"href":"https:\/\/egeatabey.com\/index.php\/wp-json\/wp\/v2\/types\/page"}],"author":[{"embeddable":true,"href":"https:\/\/egeatabey.com\/index.php\/wp-json\/wp\/v2\/users\/1"}],"replies":[{"embeddable":true,"href":"https:\/\/egeatabey.com\/index.php\/wp-json\/wp\/v2\/comments?post=6651"}],"version-history":[{"count":4,"href":"https:\/\/egeatabey.com\/index.php\/wp-json\/wp\/v2\/pages\/6651\/revisions"}],"predecessor-version":[{"id":6655,"href":"https:\/\/egeatabey.com\/index.php\/wp-json\/wp\/v2\/pages\/6651\/revisions\/6655"}],"wp:attachment":[{"href":"https:\/\/egeatabey.com\/index.php\/wp-json\/wp\/v2\/media?parent=6651"}],"curies":[{"name":"wp","href":"https:\/\/api.w.org\/{rel}","templated":true}]}}